{"id":66,"date":"2019-05-23T18:21:12","date_gmt":"2019-05-23T16:21:12","guid":{"rendered":"http:\/\/loslobos.es\/LOBOS0519\/?page_id=66"},"modified":"2019-05-27T14:06:07","modified_gmt":"2019-05-27T12:06:07","slug":"inicio","status":"publish","type":"page","link":"https:\/\/www.loslobos.es\/casarural\/","title":{"rendered":"INICIO"},"content":{"rendered":"\n<p>VISITA VIRTUAL<\/p>\n\n\n\n<p>Planta baja y Sal\u00f3n<\/p>\n\n\n\n<iframe loading=\"lazy\" src=\"https:\/\/www.google.com\/maps\/embed?pb=!4v1558958176460!6m8!1m7!1sCAoSLEFGMVFpcE9KWDd6TUJSZnVScXFfb2tsV253bGN6d3c0ajlqV0tNeDlfQzFZ!2m2!1d41.194552395299!2d-4.066702292341!3f214.5!4f2.930000000000007!5f0.5970117501821992\" width=\"600\" height=\"450\" frameborder=\"0\" style=\"border:0\" allowfullscreen><\/iframe>\n\n\n\n\n<p>Porche y Jard\u00edn<\/p>\n\n\n\n<figure><iframe loading=\"lazy\" src=\"https:\/\/www.google.com\/maps\/embed?pb=!4v1558958279613!6m8!1m7!1sCAoSLEFGMVFpcE9VYmlJZUxmSFZFendoS0pXNVp1OWI4QnRmRFNhSHU3dTN4elNo!2m2!1d41.194651479686!2d-4.0667642527535!3f214.5!4f2.930000000000007!5f0.5970117501821992\" width=\"600\" height=\"450\" allowfullscreen=\"\"><\/iframe><\/figure>\n\n\n\n<p>Sal\u00f3n<\/p>\n\n\n\n<figure><iframe loading=\"lazy\" src=\"https:\/\/www.google.com\/maps\/embed?pb=!4v1558958614885!6m8!1m7!1sCAoSLEFGMVFpcE0tSmZiWFFCZEFjWFZnUEJobWszVWFNQVc0M05EUFVEWkxKdE92!2m2!1d41.1945912!2d-4.0667623!3f79.5!4f0!5f0.5970117501821992\" width=\"600\" height=\"450\" allowfullscreen=\"\"><\/iframe><\/figure>\n\n\n\n<p>Primera planta<\/p>\n\n\n\n<figure><iframe loading=\"lazy\" src=\"https:\/\/www.google.com\/maps\/embed?pb=!4v1558958743126!6m8!1m7!1sCAoSLEFGMVFpcFBqemVqMVR6STYtZFl4VjVkdTdVMEx0SVQ2MGpPTzJFQnZlQ3ZO!2m2!1d41.1946248!2d-4.0668289!3f169.5!4f0!5f0.5970117501821992\" width=\"600\" height=\"450\" allowfullscreen=\"\"><\/iframe><\/figure>\n","protected":false},"excerpt":{"rendered":"<p>VISITA VIRTUAL Planta baja y Sal\u00f3n Porche y Jard\u00edn Sal\u00f3n Primera planta<\/p>\n","protected":false},"author":1,"featured_media":0,"parent":0,"menu_order":0,"comment_status":"closed","ping_status":"closed","template":"","meta":{"footnotes":""},"class_list":["post-66","page","type-page","status-publish","hentry"],"_links":{"self":[{"href":"https:\/\/www.loslobos.es\/casarural\/wp-json\/wp\/v2\/pages\/66","targetHints":{"allow":["GET"]}}],"collection":[{"href":"https:\/\/www.loslobos.es\/casarural\/wp-json\/wp\/v2\/pages"}],"about":[{"href":"https:\/\/www.loslobos.es\/casarural\/wp-json\/wp\/v2\/types\/page"}],"author":[{"embeddable":true,"href":"https:\/\/www.loslobos.es\/casarural\/wp-json\/wp\/v2\/users\/1"}],"replies":[{"embeddable":true,"href":"https:\/\/www.loslobos.es\/casarural\/wp-json\/wp\/v2\/comments?post=66"}],"version-history":[{"count":10,"href":"https:\/\/www.loslobos.es\/casarural\/wp-json\/wp\/v2\/pages\/66\/revisions"}],"predecessor-version":[{"id":205,"href":"https:\/\/www.loslobos.es\/casarural\/wp-json\/wp\/v2\/pages\/66\/revisions\/205"}],"wp:attachment":[{"href":"https:\/\/www.loslobos.es\/casarural\/wp-json\/wp\/v2\/media?parent=66"}],"curies":[{"name":"wp","href":"https:\/\/api.w.org\/{rel}","templated":true}]}}