{"id":300,"date":"2021-11-25T14:12:25","date_gmt":"2021-11-25T13:12:25","guid":{"rendered":"https:\/\/www.loslobos.es\/casarural\/?page_id=300"},"modified":"2021-11-25T14:15:08","modified_gmt":"2021-11-25T13:15:08","slug":"bono-disfruta-castilla-y-leon","status":"publish","type":"page","link":"https:\/\/www.loslobos.es\/casarural\/bono-disfruta-castilla-y-leon\/","title":{"rendered":"BONO DISFRUTA CASTILLA Y LE\u00d3N"},"content":{"rendered":"\n<p>Casa Rural Los Lobos est\u00e1 adherida al Bono Tur\u00edstico Disfruta Castilla y Le\u00f3n. El bono consiste en  una tarjeta prepago de car\u00e1cter personal e intransferible, cofinanciada entre el solicitante y la Administraci\u00f3n auton\u00f3mica, para su uso en los establecimientos y actividades tur\u00edsticas de Castilla y Le\u00f3n que se adhieran al Bono tur\u00edstico <\/p>\n\n\n\n<div class=\"wp-block-image\"><figure class=\"aligncenter size-full\"><a href=\"https:\/\/www.turismocastillayleon.com\/es\/disfrutacastillayleon\"><img loading=\"lazy\" decoding=\"async\" width=\"2219\" height=\"2197\" src=\"https:\/\/www.loslobos.es\/casarural\/wp-content\/uploads\/2021\/11\/CARTEL.jpg\" alt=\"\" class=\"wp-image-301\" srcset=\"https:\/\/www.loslobos.es\/casarural\/wp-content\/uploads\/2021\/11\/CARTEL.jpg 2219w, https:\/\/www.loslobos.es\/casarural\/wp-content\/uploads\/2021\/11\/CARTEL-768x760.jpg 768w, https:\/\/www.loslobos.es\/casarural\/wp-content\/uploads\/2021\/11\/CARTEL-1536x1521.jpg 1536w, https:\/\/www.loslobos.es\/casarural\/wp-content\/uploads\/2021\/11\/CARTEL-2048x2028.jpg 2048w, https:\/\/www.loslobos.es\/casarural\/wp-content\/uploads\/2021\/11\/CARTEL-100x100.jpg 100w\" sizes=\"auto, (max-width: 706px) 89vw, (max-width: 767px) 82vw, 740px\" \/><\/a><\/figure><\/div>\n\n\n\n<p><\/p>\n","protected":false},"excerpt":{"rendered":"<p>Casa Rural Los Lobos est\u00e1 adherida al Bono Tur\u00edstico Disfruta Castilla y Le\u00f3n. El bono consiste en una tarjeta prepago de car\u00e1cter personal e intransferible, cofinanciada entre el solicitante y la Administraci\u00f3n auton\u00f3mica, para su uso en los establecimientos y actividades tur\u00edsticas de Castilla y Le\u00f3n que se adhieran al Bono tur\u00edstico<\/p>\n","protected":false},"author":1,"featured_media":0,"parent":0,"menu_order":0,"comment_status":"closed","ping_status":"closed","template":"","meta":{"footnotes":""},"class_list":["post-300","page","type-page","status-publish","hentry"],"_links":{"self":[{"href":"https:\/\/www.loslobos.es\/casarural\/wp-json\/wp\/v2\/pages\/300","targetHints":{"allow":["GET"]}}],"collection":[{"href":"https:\/\/www.loslobos.es\/casarural\/wp-json\/wp\/v2\/pages"}],"about":[{"href":"https:\/\/www.loslobos.es\/casarural\/wp-json\/wp\/v2\/types\/page"}],"author":[{"embeddable":true,"href":"https:\/\/www.loslobos.es\/casarural\/wp-json\/wp\/v2\/users\/1"}],"replies":[{"embeddable":true,"href":"https:\/\/www.loslobos.es\/casarural\/wp-json\/wp\/v2\/comments?post=300"}],"version-history":[{"count":2,"href":"https:\/\/www.loslobos.es\/casarural\/wp-json\/wp\/v2\/pages\/300\/revisions"}],"predecessor-version":[{"id":305,"href":"https:\/\/www.loslobos.es\/casarural\/wp-json\/wp\/v2\/pages\/300\/revisions\/305"}],"wp:attachment":[{"href":"https:\/\/www.loslobos.es\/casarural\/wp-json\/wp\/v2\/media?parent=300"}],"curies":[{"name":"wp","href":"https:\/\/api.w.org\/{rel}","templated":true}]}}