{"id":193,"date":"2020-04-19T13:50:25","date_gmt":"2020-04-19T11:50:25","guid":{"rendered":"http:\/\/loslobos.es\/LOBOS0519\/?page_id=193"},"modified":"2021-11-25T14:14:11","modified_gmt":"2021-11-25T13:14:11","slug":"colaboraciones","status":"publish","type":"page","link":"https:\/\/www.loslobos.es\/casarural\/colaboraciones\/","title":{"rendered":"COLABORACIONES"},"content":{"rendered":"\n<ul class=\"wp-block-list\"><li><a href=\"http:\/\/www.loslobos.es\/casarural\/trino\/\">TRINO<\/a><\/li><li><a href=\"http:\/\/www.loslobos.es\/casarural\/calidad-rural\">CALIDAD RURAL<\/a><\/li><li><a href=\"http:\/\/www.loslobos.es\/casarural\/bikefriendly\">BIKEFRIENDLY<\/a><\/li><li><a href=\"http:\/\/www.loslobos.es\/casarural\/segovia-rural\">SEGOVIA RURAL<\/a><\/li><li><a href=\"https:\/\/www.loslobos.es\/casarural\/asetur\/\" data-type=\"URL\" data-id=\"https:\/\/www.loslobos.es\/casarural\/asetur\/\">ASETUR<\/a><\/li><li><a href=\"https:\/\/www.loslobos.es\/casarural\/bono-disfruta-castilla-y-leon\/\">DISFRUTA CASTILLA Y LE\u00d3N<\/a><\/li><\/ul>\n\n\n\n<p>Casa Rural Los Lobos colabora en varios proyectos creados por organismos de la provincia de Segovia (Diputaci\u00f3n Provincial, Honorse Tierra de Pinares, Asociaciones de Turismo&#8230;). En los siguientes enlaces se puede ver en qu\u00e9 cosiste cada colaboraci\u00f3n, el principal objetivo es el desarrollo de la comarca y la provincia de Segovia de manera que sea atractivo para el turista visitarlo y hospedarse en este alojamiento.<\/p>\n","protected":false},"excerpt":{"rendered":"<p>TRINO CALIDAD RURAL BIKEFRIENDLY SEGOVIA RURAL ASETUR DISFRUTA CASTILLA Y LE\u00d3N Casa Rural Los Lobos colabora en varios proyectos creados por organismos de la provincia de Segovia (Diputaci\u00f3n Provincial, Honorse Tierra de Pinares, Asociaciones de Turismo&#8230;). En los siguientes enlaces se puede ver en qu\u00e9 cosiste cada colaboraci\u00f3n, el principal objetivo es el desarrollo de &hellip; <\/p>\n<p class=\"link-more\"><a href=\"https:\/\/www.loslobos.es\/casarural\/colaboraciones\/\" class=\"more-link\">Continuar leyendo<span class=\"screen-reader-text\"> \u00abCOLABORACIONES\u00bb<\/span><\/a><\/p>\n","protected":false},"author":1,"featured_media":0,"parent":0,"menu_order":0,"comment_status":"closed","ping_status":"closed","template":"","meta":{"footnotes":""},"class_list":["post-193","page","type-page","status-publish","hentry"],"_links":{"self":[{"href":"https:\/\/www.loslobos.es\/casarural\/wp-json\/wp\/v2\/pages\/193","targetHints":{"allow":["GET"]}}],"collection":[{"href":"https:\/\/www.loslobos.es\/casarural\/wp-json\/wp\/v2\/pages"}],"about":[{"href":"https:\/\/www.loslobos.es\/casarural\/wp-json\/wp\/v2\/types\/page"}],"author":[{"embeddable":true,"href":"https:\/\/www.loslobos.es\/casarural\/wp-json\/wp\/v2\/users\/1"}],"replies":[{"embeddable":true,"href":"https:\/\/www.loslobos.es\/casarural\/wp-json\/wp\/v2\/comments?post=193"}],"version-history":[{"count":9,"href":"https:\/\/www.loslobos.es\/casarural\/wp-json\/wp\/v2\/pages\/193\/revisions"}],"predecessor-version":[{"id":304,"href":"https:\/\/www.loslobos.es\/casarural\/wp-json\/wp\/v2\/pages\/193\/revisions\/304"}],"wp:attachment":[{"href":"https:\/\/www.loslobos.es\/casarural\/wp-json\/wp\/v2\/media?parent=193"}],"curies":[{"name":"wp","href":"https:\/\/api.w.org\/{rel}","templated":true}]}}